g - 3*b, -91*g = -93*g + 4*b - 8. Determine o(g).
-7
Let p(z) = 51*z - 62*z + 22 + 68 - 8. What is p(7)?
5
Suppose 6*k + 6*k + 228 = 0. Let p(i) = -i**2 - 20*i - 14. Calculate p(k).
5
Suppose -10*u + 56 = -17*u. Let s(y) = y + 4. Let c(p) = -2*p - 8. Let m(w) = 3*c(w) + 7*s(w). What is m(u)?
-4
Let z(w) be the first derivative of -3*w**2/2 + 1. Let t(h) = 2*h. Let a(i) = -4*t(i) - 3*z(i). Let q = -182492 + 182501. What is a(q)?
9
Suppose 9*k - 5*k + 7*x + 2 = 0, -30 = -5*x. Let t(i) = -i**3 - 11*i**2 + 3*i + 26. Determine t(k).
-7
Let h(n) be the second derivative of -n**4/12 + 10*n**3/3 - 25*n**2/2 + n - 45. Calculate h(17).
26
Let f(v) = -v**2 + 4*v + 4. Suppose -5*l - 122 = -137. What is f(l)?
7
Let a(y) = y**3 + 18*y**2 - 2*y - 3. Let v be a(-13). Let w(g) = v - 867 + 2*g + 0*g + 0*g**2 + g**2. Give w(2).
9
Let w(x) = -2*x**2 - 17*x - 21. Let i be w(-7). Suppose 2*u - 6*u + 32 = i. Let p(o) = 2 + u*o + 2 - 4*o - 6. Calculate p(-3).
-14
Let u(y) be the third derivative of -y**6/360 - y**5/40 - y**4/4 - y**2. Let i(q) be the second derivative of u(q). Let j be (-171)/36 + (-1)/4. Give i(j).
7
Let f(b) = -3*b**2 + 5*b - 2. Let m = 2609 + -2607. Give f(m).
-4
Let t(m) = -31*m + 1 + 14*m + 0. Suppose -2*h + 5*b + 33 = 0, 0 = -4*h - 3*b - 0 + 1. Suppose 11*p = 7*p + h. Determine t(p).
-16
Suppose -4*l = l - 20. Let v(u) = 4*u - l*u - u - 1. Let c(q) = -3*q - 794. Let a be c(-266). Calculate v(a).
-5
Let h = 259 + -339. Let u = h + 83. Let k(l) = 6*l - 12. Determine k(u).
6
Let x(j) be the third derivative of j**6/720 + 7*j**5/120 + j**4/6 + 37*j**3/6 + j**2 + 7*j. Let f(u) be the second derivative of x(u). Calculate f(-9).
-2
Let q(z) = -z - 4. Let s be 11 + (-4 - -4)*3/3. Let j(b) = s*b + 2*b - 14*b + 0*b. Let n(v) = -4*j(v) + q(v). Calculate n(4).
8
Let h(n) = n**2 + 21*n + 24. Let q(m) = 58*m + 1313. Let r be q(-23). Give h(r).
24
Let b be (-2 + 5)/(3/2). Let m(a) be the first derivative of a + 2/3*a**3 + 0*a**2 - 312. Determine m(b).
9
Let g = 76 + -44. Suppose 4*l + k - 5*k = 36, 4*k = 3*l - g. Let s(t) = 2*t**2 - 7*t - 1. Let a be s(l). Let i(f) = -f**3 + 5*f**2 - 3*f - 3. Give i(a).
6
Let g(a) be the second derivative of a**3/6 + 2*a**2 - 52*a + 5. Let c(h) = h**2 - 12*h + 7. Let j be c(11). Determine g(j).
0
Let o(u) = -2*u. Let r(c) = -c**2 + 13*c + 2. Let j(f) = -2*o(f) - r(f). Let h be j(9). Let x(l) = -2*l**2 - 3*l - 1. Calculate x(h).
-3
Let l(p) be the first derivative of p**3/3 - 4*p**2 + 10*p + 534. Determine l(6).
-2
Let g(f) = f + 22. Let z be g(-13). Suppose 2*l = z - 1. Suppose -5 = l*w - 3*w. Let b(u) = -u**3 - 7*u**2 - 8*u - 6. Calculate b(w).
-16
Let i = -14 - -14. Suppose 10 = d - 2*y, i*d = 3*d + 4*y - 20. Let b(o) = 27 + 2 - o - 29. Calculate b(d).
-8
Let c(g) = -2 + 2 + 22*g. Let q be ((-12)/(-16) + (-2)/(-8))/(0 + -1). Calculate c(q).
-22
Suppose 7*h + 36*h = 0. Let k(d) be the third derivative of 0*d + 0 - 3*d**2 + h*d**4 - 1/60*d**5 + 1/120*d**6 + 1/3*d**3. Give k(2).
6
Let k(a) = a**2 - 16*a - 11. Let v(m) = 2*m**3 - 59*m**2 + 85*m - 12. Let c be v(28). Calculate k(c).
-11
Let r(g) = g**2 - 3*g + 2. Let v be r(4). Suppose -v*z - 3*z = -135. Suppose 2*x + 0*x = -3*d - z, -4*x = -5*d - 3. Let j(b) = -2*b + 1. What is j(x)?
7
Let k = 127 - 111. Let i be -1 - (k/2)/(-2). Let z(q) = -2*q**3 + q**2 + 2*q - 2. What is z(i)?
-41
Let p(r) = -2*r - 2. Let y(c) = 14*c + 49. Let d be 5 - (2 + 56/8). Let b be y(d). Calculate p(b).
12
Suppose w + 73 = x, 0*w - 5*x + 57 = -w. Let n be (2/9 + w/63)*-2. Let f(k) = 10*k**n + 4*k**3 - 2*k - 8*k + 8 - 5*k**3. Calculate f(9).
-1
Let q(x) be the second derivative of x**5/20 - x**4/3 - 23*x**3/3 + 6*x**2 - 4*x + 1062. Give q(9).
3
Let m(h) be the first derivative of -5*h**3/3 + 3*h**2/2 - 16*h + 186. Let i(a) = 4*a**2 - a + 16. Let t(p) = 6*i(p) + 5*m(p). Give t(11).
-6
Suppose 20 = l - 5*q, 4*l - 3*q - q - 144 = 0. Let g(w) = 11 + 3 - l - w + 6. What is g(-15)?
-5
Let s(h) be the second derivative of -h**6/360 - h**5/24 + 5*h**4/24 + h**3/6 + 6*h**2 - 30*h. Let r(a) be the second derivative of s(a). Determine r(-5).
5
Suppose 2*s - o + 5 = 0, s - 2*o + 10 = 2*s. Let m(h) = h**3 + h**2 + h - 2. Give m(s).
-2
Let h(l) = -2*l**2 - l. Let s(z) = -2*z**3 + 3*z**2 + 13*z + 1. Let c(b) = 2*b**3 - 2*b**2 - 14*b. Let u(t) = -2*c(t) - 3*s(t). Let o be u(4). Calculate h(o).
-3
Let h(i) = -10*i - 2*i + 2 - 1 + 8*i. Let q(u) = u + 17. Let s be q(-13). What is h(s)?
-15
Let r(s) be the first derivative of -3*s**2/2 - 11*s + 331. Give r(6).
-29
Let n = 10196 + -10196. Let g(r) = 11 - r**3 - r**2 - 15 - r**3. Calculate g(n).
-4
Let h be 0/((108/162)/((-4)/(-6))). Let o(u) = 4*u. What is o(h)?
0
Let p(r) be the second derivative of -r**3/6 + 4*r**2 + 590*r. Let f(q) = 2*q**2 - 2. Let g be f(2). Calculate p(g).
2
Let y(j) = -2*j + j**3 - j**2 + 4*j + 3*j**2. Let r be 4/(-14) + (395/35 - 6). Suppose 0 = -2*v + 4*v + 4*l - 16, -v - r*l + 23 = 0. Give y(v).
-4
Suppose o = 7 - 4. Suppose -a = -t + o*t + 5, -t + a = 1. Let w(j) be the first derivative of -j**4/4 - 4*j**3/3 + 3*j**2/2 + 3*j + 2. Calculate w(t).
-11
Let f(r) = -4*r**3 + 27*r**2 - 16*r - 6. Let q be f(6). Let l(m) = 2*m - 9. Determine l(q).
3
Let j(v) be the first derivative of -v**6/360 + v**5/120 + v**4/4 - 8*v**3/3 + 27. Let c(w) be the third derivative of j(w). Let o be -10*-4*4/32. What is c(o)?
-14
Let r(i) = -2*i**3 - 11*i**2 + 11. Let t be r(1). Let d(k) be the first derivative of 1/2*k**2 - 1/2*k**4 - 1/3*k**3 + 5 - k. What is d(t)?
9
Let n(l) = -2*l + 2. Let s(d) be the third derivative of d**4/8 - d**3/6 + 3*d**2. Suppose -7*g = -10 - 18. Let v(a) = g*n(a) + 3*s(a). Determine v(-7).
-2
Let x be (49/(-196))/(1/32) + 8. Let l(q) = -17*q + 3. Determine l(x).
3
Let s(l) = 3*l + 39. Let q(w) = -20*w**2 - 5*w + 7. Let a be q(1). Give s(a).
-15
Let z = -536 + 582. Suppose 0 = -z*m - 17*m. Let s(x) = 2*x + 17. What is s(m)?
17
Let y(x) = -x**2 - x - 1. Let n(r) = -4*r**2 - 2*r - 4. Suppose 32*c + 65 = 19*c. Let a(p) = c*y(p) + n(p). Calculate a(-5).
11
Let b(d) be the third derivative of -d**5/60 - 13*d**4/24 - 4*d**3/3 + 4*d**2 - 5*d + 2. What is b(-10)?
22
Suppose 0 = -4*n - v + 193 - 603, 5*n = -3*v - 509. Let c = 90 + n. Let h(b) = 2*b + 17. Give h(c).
-9
Let a = -39/46 + 257/276. Let i(w) be the second derivative of 21*w + 3/2*w**3 + w**2 + 0 - a*w**4. Give i(10).
-8
Let x(n) be the third derivative of 7*n**5/120 - n**4/24 + 4*n**3/3 - n**2 + 3. Let y(v) be the first derivative of x(v). What is y(-3)?
-22
Let u(m) = m**3 - 2*m**2 + m - 6. Let n(x) be the second derivative of x**5/20 - x**4/4 + x**3/6 - 3*x**2 - x + 4. Let z(w) = -3*n(w) + 2*u(w). What is z(5)?
1
Suppose -f = -3*c + 23, 31*c - 33*c - 5*f + 21 = 0. Let n(g) be the second derivative of -1/12*g**4 + 0 + g**3 + 11/2*g**2 - 2*g. What is n(c)?
-5
Let c(h) be the third derivative of -h**6/120 + 11*h**5/60 - h**4/2 - h**3/6 - 6*h**2 - 4*h. What is c(4)?
63
Let x(r) = 13*r**2 + 1089 - 2200 - r**3 + 29*r + 1062 + 13*r**2. What is x(27)?
5
Let a be (1/(-1))/(1/(-3)). Let t(c) = -c**3 + 2*c**2 - 2*c - 5. Let y(k) = -k**3 + 2*k**2 - k - 4. Let p(r) = a*y(r) - 2*t(r). Let j = 51 + -49. Give p(j).
0
Let u(n) = -n**2 + 249 - 72 - 3*n**3 - 87 - 87. Calculate u(-2).
23
Let k(m) = 65*m - m**2 + 60*m + 4 - 117*m. Let s = 529 + -518. Give k(s).
-29
Let c(z) = 18*z**2 + 8*z - 5. Let s(o) = 6*o**2 + 3*o - 2. Let y(j) = -3*c(j) + 8*s(j). Let r = 27 - 40. Let x = r - -14. What is y(x)?
-7
Let g(u) be the second derivative of -u**5/20 - 11*u**4/12 - 7*u**2 - 81*u. Suppose -3*f = 46 - 13. What is g(f)?
-14
Let x(n) = -76040 + 76038 - 2*n - n**2 + 0*n**2 - 7*n**3. Determine x(-1).
6
Let s(k) = -k**2 + 11*k + 14. Let c be (-20 + (-407)/(-22))/(6/(-44)). Determine s(c).
14
Let d(o) = 53*o + 19. Let q(a) = 50*a + 16. Let m(c) = -5*d(c) + 6*q(c). What is m(1)?
36
Let r(n) = -n**3 - 23*n**2 + 55*n + 101. Let u be r(-25). Let l(g) = 4*g + 88. Give l(u).
-8
Let i(n) be the third derivative of -7*n**5/60 - 133*n**4/12 - 4*n**3/3 + 108*n**2 + n + 4. Determine i(-38).
-8
Let h(m) be the first derivative of m**3/6 + 9*m**2/2 - 31*m + 203. Let o(j) be the first derivative of h(j). What is o(-8)?
1
Let j = -202 + 204. Let k(a) = 3*a**3 + 2*a**2 + j + 4*a + 4*a**3 + 7*a**3 - 13*a**3. Let o(l) = l**3 - 6*l**2